 -0*f - f. Calculate the greatest common divisor of f and 9.
1
Suppose -d = -2*d + 54. Suppose 2*c = 6*c - 208. Suppose 0 = 2*i + 2*i - 4*u - c, 11 = -i - 5*u. Calculate the greatest common factor of d and i.
9
Let k(z) = z**3 - 5*z**2 + 4*z + 4. Let d be k(4). Suppose 0*r = d*r - 20, -3*r = -4*w + 17. Calculate the highest common divisor of 8 and w.
8
Suppose 3*n - 4 = 5*n. Let x = n + 10. What is the greatest common divisor of 8 and x?
8
Let b = -205 - -317. Calculate the greatest common divisor of 28 and b.
28
Let o be 22/8 + 4/16. Let l be 4/(-12) - (-19)/o. Let d = 17 - l. What is the highest common divisor of d and 88?
11
Let k be 2 - (0 + -6)/1. Let y = -5 + k. Suppose y*r - c = 268, -5*r + c + 128 = -316. Calculate the highest common divisor of 8 and r.
8
Let b = 153 + -133. What is the greatest common divisor of b and 100?
20
Suppose 0*n - 4*n - 672 = 0. Let m = 267 + n. What is the greatest common divisor of 9 and m?
9
Suppose -12*o = -8*o - 24. Let k(y) = 10*y + 6. Suppose 0 = -4*j - 2*q + 28, 3*j - 2*q - 9 = 5. Let x be k(j). What is the highest common factor of o and x?
6
Suppose -a - a + 80 = 0. Calculate the highest common divisor of 20 and a.
20
Let y = 98 - 26. What is the greatest common factor of 36 and y?
36
Suppose 68*z = 71*z - 210. What is the highest common factor of z and 20?
10
Let a be (49/(-2))/((-1)/2). What is the greatest common divisor of 7 and a?
7
Let r(s) = -s**2 + 17*s - 18. Let l be r(15). What is the highest common factor of 18 and l?
6
Let s = -3 - -5. Suppose 0 = 4*a - 3*c + c - 24, s*c - 11 = -3*a. Calculate the greatest common divisor of a and 20.
5
Suppose 59 = 3*u - 1. What is the highest common divisor of u and 220?
20
Let c be (-50 + 0)*(4 - 8). Suppose 0*m = m - c. What is the greatest common factor of m and 25?
25
Let r be ((-324)/(-21))/(1/7). Suppose -13 = -5*c + 12. Suppose x = 3*x + c*n - 44, 28 = 4*x - 5*n. What is the highest common factor of r and x?
12
Suppose 2*r = -0*r - 2*v + 24, 5*r - 2*v - 46 = 0. Calculate the greatest common factor of r and 70.
10
Suppose 3*w = 27 - 12, -w - 1 = -2*a. Suppose 2*p - p - 6 = 0. Suppose 81 = p*t - 3*t. Calculate the greatest common factor of t and a.
3
Suppose 590 = 5*s + 5*n, -6*n = -4*n. Suppose -5*r + s = -32. Let y be (-3)/(-12) + (-299)/(-4). What is the highest common divisor of r and y?
15
Let j(q) = q + 11 + q**2 + 3 - 2*q**2. Let n be j(0). Calculate the highest common divisor of n and 35.
7
Let t = 13 + -9. Suppose -t*z - 32 = -5*o, 0 = 4*o - z - 6 - 24. Suppose 0 = 4*b - 1 - 31. What is the greatest common divisor of o and b?
8
Let h be 27*3/(27/6). Suppose 0 = 3*i - v - 72, h = 3*i - 3*v - 54. Let q = i + -6. What is the highest common divisor of q and 18?
18
Suppose c = 2*h - 82, 4*h + 91 = -2*c + 263. What is the greatest common factor of h and 63?
21
Suppose 0 = -7*r + 2*r. Suppose -2*q + 5*q + 24 = r. Let m be (-30)/q - (-3)/12. Calculate the highest common factor of 32 and m.
4
Suppose 2*t + 3 = 3*t. Let o(u) = t*u + 2 - 1 - 15*u. Let h be o(-2). What is the greatest common divisor of 5 and h?
5
Let n be (-18)/(-4) - 2/(-4). Suppose -8*l + 250 - 90 = 0. Calculate the greatest common factor of l and n.
5
Let x be (-2)/(3 + (-1382)/460). Calculate the greatest common factor of x and 46.
46
Suppose 6*l = 135 + 27. Suppose 0 = 5*x - l - 33. What is the highest common divisor of x and 108?
12
Suppose 19*l = 20*l - 4. What is the highest common divisor of 1 and l?
1
Suppose -15 = -2*s + 17. Let q = -49 + 113. Calculate the highest common factor of s and q.
16
Let u(m) = -m**2 - m + 2. Let k be u(-3). Let h = 0 + k. Let v be 64*(-1 - 7/h). Calculate the highest common divisor of v and 32.
16
Let y be 92 + (2 - (3 - 4)). Calculate the highest common factor of 38 and y.
19
Let k(x) = -x**3 + 25*x**2 + 28*x - 46. Let t be k(26). Calculate the highest common factor of 15 and t.
3
Suppose -5*p = 73 - 678. Calculate the highest common divisor of 11 and p.
11
Let s = 6 + -1. Suppose s*h - 2*h = 0. Suppose h = 3*c - 1 - 35. What is the greatest common divisor of c and 3?
3
Let a = -76 + 166. What is the highest common divisor of a and 10?
10
Suppose -j + u - 6 = -3*j, 5*u = -5*j + 20. What is the highest common divisor of 1 and j?
1
Let s be 12*(3/9 - 0). Suppose d + 18 = s*d. What is the greatest common factor of 1 and d?
1
Let q(x) = -x**3 + 8*x**2 - 2*x - 7. Let d be q(7). Calculate the highest common divisor of d and 7.
7
Let k(c) = -c**3 - 2*c**2 + 6. Let z be k(-3). What is the highest common divisor of z and 75?
15
Suppose 3 = -w - 2*j, j + 2*j + 18 = 3*w. Let d(i) = -i**2 + 7*i - 2. Let g be d(w). Calculate the highest common factor of g and 5.
5
Let p(t) = t**3 - 4*t**2 - 4*t + 2. Let k be p(5). What is the greatest common divisor of 63 and k?
7
Let w = 94 - 80. Let y(s) = 2*s**2 - 4*s - 2. Let o be y(-3). What is the greatest common divisor of w and o?
14
Suppose -3*j + 2*d + 2 = j, -5 = -4*j + d. Let k be 0/(-1) + 56/j. What is the highest common factor of 7 and k?
7
Suppose 2*h = c - 2*h - 51, -c - h + 41 = 0. Suppose 141 = 5*a + 3*g, -c = -2*a + g + 20. What is the greatest common divisor of 20 and a?
10
Suppose 8 = 3*p + 2. Calculate the highest common divisor of 22 and p.
2
Let g(w) = -2*w + 5. Let o be g(-4). Let k be (-1168)/(-10) - (-2 + (-9)/(-5)). What is the greatest common divisor of o and k?
13
Let u = 9 - 6. Let z = 11 - 6. Suppose 3*w = -5*b + z*w + 23, 4*b + 4 = -4*w. Calculate the greatest common factor of b and u.
3
Suppose -4*z + 40 = 4*l, z - 2*l - 10 = -0*l. Calculate the greatest common divisor of 30 and z.
10
Let b be ((-2)/(-5))/(1/5). Suppose -b*y + 35 = 3*y. Calculate the highest common divisor of 49 and y.
7
Let p(f) = f - 9. Let z be p(6). Let n(t) = -t - 1. Let h be n(z). Suppose -h*k + 24 = 8. What is the greatest common factor of k and 8?
8
Suppose 0 = 3*m - m - 6. Let p = m - -5. Calculate the greatest common factor of 12 and p.
4
Let a = 55 + -16. Calculate the greatest common divisor of a and 26.
13
Suppose 7 = -4*y + 5*y. What is the highest common divisor of 21 and y?
7
Let x be 1 + 20 - (0 - 2). What is the highest common factor of x and 253?
23
Let v = 17 - 9. Suppose -15 = -o - 1. Let w = 38 - o. What is the highest common divisor of w and v?
8
Let b = -39 + 43. Calculate the greatest common divisor of 1 and b.
1
Let k be (-9)/((12/(-10))/6). What is the highest common divisor of k and 5?
5
Let f = 113 + -107. Let g(l) = -l**3 - 2*l**2 + 2*l - 5. Let k be g(-5). Calculate the highest common divisor of k and f.
6
Let x(f) = f**2 - 2*f + 3. Let p be x(2). Let v = 10 - p. Let z = -53 + 74. What is the highest common divisor of v and z?
7
Suppose -2*w - 3*f = w - 36, 0 = -3*f. Suppose -12*z = -9*z - w. What is the greatest common factor of z and 2?
2
Suppose 60 = -f + 6*f. Let c = -10 + 16. Calculate the highest common divisor of f and c.
6
Suppose -10*t = -6*t - 20. Suppose -3 + t = u. What is the greatest common divisor of u and 22?
2
Let p(d) = d**2 + 2*d. Let i be p(-2). Suppose i*h = -4*h + 8. Suppose -h*s + 55 + 25 = 0. Calculate the highest common factor of 10 and s.
10
Let m be 2/(-4) - 363/(-6). Calculate the greatest common factor of m and 12.
12
Suppose -2*h = l + 4*l + 17, 0 = -5*h - 4*l. Suppose 2*k = -4*r - 3*k + 270, 4*r = h*k + 252. Calculate the highest common divisor of 13 and r.
13
Let w = 25 - 20. Calculate the highest common divisor of w and 55.
5
Suppose -2*g - 15 = -5*g, -5*g + 125 = u. Suppose -3*p = v - 26, 4*v + 25 = 3*p - 21. What is the greatest common divisor of p and u?
10
Let a = -94 - -190. What is the highest common factor of 24 and a?
24
Suppose -2*x + 175 = -33. What is the highest common factor of x and 8?
8
Let s = 303 - 207. What is the highest common factor of 24 and s?
24
Suppose 23 + 73 = 4*n. Calculate the greatest common divisor of n and 36.
12
Let k be 5/(9/4 + -2). What is the greatest common divisor of 40 and k?
20
Let o be (4/3)/(5/30). Suppose 5*n = n + o. Let h = -2 + 7. What is the highest common divisor of h and n?
1
Let j be ((-8)/(-12))/((-2)/21). Let m = j + 19. Calculate the highest common divisor of 24 and m.
12
Let j be 10/(3/12*1). Suppose 3*t - 44 = j. Suppose 0*h + 14 = 2*h. What is the highest common factor of h and t?
7
Let n(m) = -3*m**2 